*v - 118 - w, -4*v + 3*z = -166. Suppose 2*m + v = 101. What is the units digit of m?
9
Let k be 2*1475*(-8)/(-16). Suppose 74*x - 69*x = k. What is the units digit of x?
5
Let u = -48 - -55. Let a = u - -15. What is the units digit of a?
2
Let h(o) be the third derivative of o**6/120 + o**5/4 - 11*o**4/12 - 14*o**3/3 - 34*o**2. What is the hundreds digit of h(-15)?
3
Suppose -3*o + 12 = d, -o + 5*o = 5*d - 3. Suppose -o = -t + 41. Suppose 5*a = 204 - t. What is the tens digit of a?
3
Let z = -1037 - -2367. What is the hundreds digit of z?
3
Let l(r) = -14*r + 12. Let a(z) = -15*z + 11. Let n(j) = 7*j - 5. Let x(d) = -6*a(d) - 11*n(d). Let t(s) = -6*l(s) - 7*x(s). What is the units digit of t(-4)?
3
Let f(o) = 68*o**2 - o - 1. Let y be f(-1). Let b = y - 4. What is the units digit of b?
4
Suppose 7362 + 19413 = 21*i. What is the hundreds digit of i?
2
Suppose 4*u - 9 = -201. Let g = u - -135. What is the units digit of g?
7
Let m(h) = -h**3 - 14*h**2 + 20*h + 32. Let y be m(-13). Let w = 631 + y. What is the hundreds digit of w?
2
What is the tens digit of 276/506 - (-11274)/22?
1
Let h(w) = w - 5. Let l be h(7). Let g(o) be the second derivative of o**5/20 - o**4/12 + o**3/3 + o. What is the units digit of g(l)?
8
Let z be (1/(-4))/(((-3)/20)/3). Suppose -a + z*a = -j + 811, 0 = 2*a - 4*j - 392. What is the tens digit of a?
0
Let h(q) = -q + 5. Let a = -6 + 9. Let z be -8 - (-3 + a + 3). What is the tens digit of h(z)?
1
Let m(r) = 2*r**2 + 6*r + 5. Suppose 0*y + 5*y = 25. What is the units digit of m(y)?
5
Let h = 6 - 4. Let u(t) = -2*t**2 + 7*t + t**h + 17*t - 6*t - 16. What is the tens digit of u(14)?
4
Suppose 2*w = -2*w + 80. Suppose 17*v = 22*v - w. Let z = 3 + v. What is the units digit of z?
7
What is the hundreds digit of (-84336)/(-147) - (16/(-7) + 2)?
5
Let k(l) = l**2 - 13*l + 8. Let i be k(13). Let g = 9 - i. Let b(z) = 3*z + 1. What is the units digit of b(g)?
4
Let x(o) = o**3 - 10*o**2 + 9*o + 10. Let g be x(9). What is the units digit of (-1 - -129) + (14 - g) + 2?
4
Let h be (-654)/10 + 4/10. Let c = h - -167. Let t = c + -57. What is the units digit of t?
5
Let b = 2543 + -1251. What is the tens digit of b?
9
Let n(t) = -t**3 + 30*t**2 + 10*t + 102. What is the units digit of n(30)?
2
Let r(y) = -49*y**3 + 4*y**2 - y**2 - 2*y**2. What is the units digit of r(-1)?
0
Let z be 37 + (-2*1 - -1). Let n(f) = -f - 2. Let q be n(-7). Suppose -q*a + 68 = -2*g, -4*a - 4*g = -g - z. What is the units digit of a?
2
Let z(n) = -18*n - 1. Let a(q) = -4*q**2 + 7*q - 5. Let c be a(3). Let u = c - -18. What is the tens digit of z(u)?
3
Suppose 4*x - 67 = -5*z, 6*x - x + 5*z - 80 = 0. What is the units digit of x?
3
Let n = -532 - -2553. What is the units digit of n?
1
Suppose 1091 = 2*o + 73. What is the units digit of o?
9
Let s = -20 - -26. Suppose s*r - 56 = 5*r. What is the units digit of r?
6
Let c(j) = -7 + 3*j - j + 2*j - 2*j. Let x be c(14). Suppose -4*r + 212 = -4*s, -5*s + x = 6. What is the units digit of r?
6
Let v = -421 + 746. What is the hundreds digit of v?
3
Let w = -223 + 1524. What is the tens digit of w?
0
Suppose -5*b = 3*q - 24, -2*q = -7*q + 5*b. Suppose -2*k - 4*u = -20, q*u = -0*k + 4*k - 18. What is the units digit of k?
6
Suppose -9*g = -2*v - 12*g + 6908, 3*g = -3*v + 10359. What is the hundreds digit of v?
4
Let a be 130/7 + 44/(-77). Suppose 4*n + 6 = w - 2*w, -3*w + 2*n = a. What is the tens digit of (w/5)/(4/(-60))?
1
Let s(b) = -2*b**3 - 19*b**2 - 21*b - 29. What is the thousands digit of s(-13)?
1
Let m(g) = 37*g - 6. Let i = -2 - -5. Let b be m(i). Suppose 3*p - b = -2*p. What is the tens digit of p?
2
Let k be (-34)/(-4)*6 + -1. Let n = 80 - k. What is the units digit of n?
0
What is the units digit of 355/20*(2 - -46)?
2
Let k(j) be the third derivative of j**5/6 + j**4/8 + 2*j**3/3 + 12*j**2. What is the units digit of k(-2)?
8
Let l(v) = -v + 381. What is the tens digit of l(0)?
8
Let q(z) be the third derivative of z**5/30 + z**4/6 - z**3/3 - 11*z**2. What is the tens digit of q(5)?
6
Let i(x) = -5*x - 1. Let k be 2 + -6 + 6 + -4. What is the units digit of i(k)?
9
Let a(w) = -w**2 - 6*w + 15. Let h(x) = x**2 + 7*x - 15. Let v(d) = -5*a(d) - 6*h(d). Suppose -3*l + 12 = -4*l. What is the units digit of v(l)?
5
Let l(u) = u**3 + 2*u**2 + 2*u + 1. Let r(c) = -4*c**3 - 8*c**2 - 7*c - 5. Let d(a) = -9*l(a) - 2*r(a). What is the units digit of d(-5)?
6
Suppose -2872 = -k - 7*k. What is the units digit of k?
9
Let b be 3*(-6 + 1) + 2. Let d = b + 63. What is the tens digit of d?
5
Let h(w) = -w**2 + 39. Let r be h(0). Let d be (-12)/36*(-11 - (-3 - -4)). Suppose d*s - 160 = 2*c, 3*s + 4*c - r - 81 = 0. What is the tens digit of s?
4
Let t be (-17 - -13)/((-1)/2). Suppose -t = 5*g - 63. What is the units digit of g?
1
Let h = 153 - 130. Suppose 30*y = h*y + 1344. What is the units digit of y?
2
Let f(n) = 4*n**3 - n. Let p be f(1). Suppose 0 = 4*k + p*t - 108 - 313, -2*k - t = -213. What is the units digit of k?
9
Let d = -53 + 62. Suppose -3*x = 3*y - 342, -x - 3*y + 117 - d = 0. What is the tens digit of x?
1
Let z be (-15)/(-10) + (-2)/(-4). Suppose 28 = 5*g - z. What is the units digit of 3/(-3) + g - 1?
4
Let f(y) = 1549*y**2 - 30*y - 30. What is the tens digit of f(-1)?
4
Suppose 5*d - 975 = -5*u, d - 4*d + 591 = -3*u. What is the tens digit of d?
9
Let w(m) = m**3 + 7*m**2 + 6*m + 6. Let n = 24 + -30. Let d be w(n). Suppose -9*y + 153 = -d*y. What is the units digit of y?
1
Suppose -5*h + 29 = -0*h + a, -3*h = -3*a - 3. What is the hundreds digit of (-17)/(h/(-15*2))?
1
Let g(r) = -5*r - 7. Let p be g(-7). Let n = p + -14. What is the units digit of n?
4
Let w(z) = 2*z**2 - 7*z. Let i be w(4). Let j be i - 0/3 - 156. What is the tens digit of (j/10)/(6/(-15))?
3
Let w = -6 - -7. Let m = 0 + w. Suppose -3*o + 34 - m = 0. What is the units digit of o?
1
What is the tens digit of (408/14)/((-31)/(-651))?
1
Let u(m) = 29*m**2 - 20*m + 27. What is the tens digit of u(6)?
5
Let o(j) be the first derivative of -j**4/4 - 4*j**3 - 6*j**2 + 2*j + 59. Let d(p) = -p**2 + 9*p - 1. Let k be d(10). What is the units digit of o(k)?
3
Suppose -50*q + 23142 = -8*q. What is the tens digit of q?
5
Let v = -6 + 6. Suppose -3*o + 3*t = -12, v = 3*o - o + 4*t - 26. Let k = o + -4. What is the units digit of k?
3
What is the tens digit of (0 + 1)/((-57897)/(-5789) - 10)?
2
Suppose -3061*z - 25858 = -3068*z. What is the tens digit of z?
9
Let s(b) = -19*b - 16. Let f be s(10). Let k = -105 - f. What is the hundreds digit of k?
1
Let y be 4 + -1 + -3 + (-3)/(-1). Suppose l - 484 = -y*l. What is the units digit of l?
1
Suppose -15288 = -19*r - 7*r. What is the units digit of r?
8
Suppose 109 = 2*z - 1. Suppose -92 = -3*p + z. What is the tens digit of p?
4
What is the hundreds digit of (-1003)/(-4) + (-3 - 65/(-20))?
2
Suppose -2*f + 6*u - 3*u = 12, -2*f - 2*u = -8. Suppose -4*l + 4*q + 524 = f, -q - 417 = -3*l - 4*q. What is the units digit of l?
5
Suppose -2*u - 3*u - 2*f + 83 = 0, -2*f + 53 = 3*u. Let i = -22 + u. What is the tens digit of (120/21)/((-2)/i)?
2
Suppose -481 = -x + 4*v, 8*v = 2*x + 6*v - 986. What is the units digit of x?
7
Let d = 595 + -170. What is the units digit of d?
5
Let a be ((-196)/(-5))/(2/10). Suppose m - a = 3*m. Let f = m - -153. What is the tens digit of f?
5
Suppose 3*i - 71 = 5*q, 2*i - 5*q = 53 - 4. What is the tens digit of (-454)/(-10) - i/55?
4
What is the tens digit of 2054/10 - 60/(-100)?
0
Let u(m) = -3*m**3 - 8*m**2 - 3*m**3 + 6*m**3 + m**3 - 4 + 2*m. Let r be u(9). What is the units digit of r/4 + 6/(-8)?
3
Suppose 3362 = 8*a + 410. What is the tens digit of a?
6
Let v(k) = 18*k**3 + 3*k**2 + 5*k + 10. Let r(a) = -9*a**3 - 2*a**2 - 2*a - 5. Let u(j) = -5*r(j) - 3*v(j). What is the tens digit of u(-2)?
8
Suppose -2*z - c + 4 = 1, 5*z = 4*c + 14. Let u(o) = o + o + z*o**2 - o. What is the tens digit of u(2)?
1
Let o(x) = x**2 + 3*x + 2. Let c be o(-2). Suppose -4*d = -6 + 2. What is the tens digit of (d - c)/((-1)/(-22))?
2
Suppose 5*s + 328 - 1028 = 0. Suppose 92 = 7*d + 729. Let l = d + s. What is the tens digit of l?
4
Let x(y) = -20*y + 2. Let k be x(-5). Suppose -2*m + 33 = 9*m. Suppose 33 - k = -m*c. What is the units digit of c?
3
Suppose 5*f = -2*d + 42 + 6, -4*d = -2*f - 1